be (580/435)/((8/(-6))/(-2)). Is d(w) a prime number?
True
Let v(n) = -9*n**2 + 38*n**3 - 120*n + 10 + 235*n - 111*n. Let x be v(7). Is 1/(1/3)*x/51 a prime number?
True
Let v(g) = 2*g**2 - 8 + g**3 + 8*g - 10*g**2 - 2*g**3. Suppose 186 = -2*x - 4*h + 168, -4*x - 43 = h. Is v(x) composite?
True
Suppose 19*d - 355677 = 5*d + 136549. Is d composite?
False
Suppose -4*r = 2*i - 7*i - 4816, 0 = -i - 2*r - 952. Suppose 1099 + 24826 = 17*z. Let a = z + i. Is a composite?
True
Suppose -160 + 32 = 8*m. Is 6/(-24) + (-29076)/m prime?
False
Suppose -2*p = -4*p - 4. Let l be 7 + p*(-4 + 6). Is 19/(2*l/6) a composite number?
False
Suppose -15952*i - 266791 = -15959*i. Is i composite?
False
Let g(x) = 8*x**3 + 11*x**2 + 3*x + 7. Suppose 4*m = 4*h - m - 24, 5*m = h - 6. Is g(h) a prime number?
False
Let m be (-31)/(-10) + (-19)/190. Suppose -5*g = 2*p + 2*p + 88, 5*g = 20. Is 2 + (18/p - (-1619)/m) a composite number?
False
Let v(i) = 89*i**3 - 3*i**2 - 16*i - 7. Let w(f) = -89*f**3 + 2*f**2 + 14*f + 7. Let n(h) = 5*v(h) + 6*w(h). Is n(-3) a composite number?
False
Is (-187678)/(-6) - ((-48)/(-9))/8 a prime number?
False
Let o be -2 + 1152/(-20) + 6/10. Let k = o + 59. Suppose -4*b = -2*z - k*z - 334, 5*z - 355 = -4*b. Is b prime?
False
Is ((-9)/((-180)/(-119656)))/((-56)/140) a composite number?
False
Let t = 682 - -19. Suppose y - 1710 = t. Is y prime?
True
Suppose 0 = -118*l + 56*l + 6042644. Is l prime?
False
Suppose 27*y - 2*y = -416350. Let k = y + 34523. Is k a composite number?
True
Let m(o) = 301*o**2 - 363*o + 89. Is m(-18) prime?
True
Let x(v) = -2*v**3 + 188*v**2 + 73*v + 169. Is x(88) a prime number?
False
Let v be 10 + -11 - (-432 - 1). Suppose -v*h - 41816 = -440*h. Is h composite?
False
Let b(s) = -s**3 - 7*s**2 + 17*s - 4. Let x be b(-9). Suppose 2*d - 2925 = -x*g, 0 = 4*d + 8 + 12. Is g a composite number?
False
Suppose 9*n - n = 40. Suppose 0 = -m + 4*q + 13577, -2*q - 40731 = n*m - 8*m. Is m a composite number?
False
Let i be (-441)/(-245)*10/6 + 11024. Suppose -q + 5*v + i = 0, 4*v + 22054 = -3*q + 5*q. Is q prime?
True
Suppose -118635 = 59*w - 2520530 - 869242. Is w a prime number?
False
Let j(h) = -13609*h + 12. Is j(-1) a prime number?
False
Is 8 + (-150940)/(-36) - (-8)/36 prime?
True
Let h(q) = -52*q**3 + 4*q**2 - 5*q + 2. Let z be h(3). Let f(n) = 2*n**3 - 86*n**2 + 45*n + 119. Let u be f(43). Let l = z + u. Is l a prime number?
True
Let t = -73 - -75. Suppose 25 = 3*c + 5*b, -t*b - 4 = -2*c - 14. Suppose -5*r - 2*g + 2395 = c, -r - 2*g = -0*r - 479. Is r composite?
False
Suppose -36*u = -37*u + 7, -3*s - 3*u = -302742. Is s composite?
False
Suppose 15 = 4*m + 3. Suppose m*g + 4*v + 13 = 0, 2*g - 2*v = 3*v - 1. Is g*2/((-24)/(-3548))*-1 a composite number?
False
Suppose 476059 - 1186287 = -4*t. Is t prime?
False
Let y = 184056 + -126623. Is y a prime number?
False
Suppose 3*m - 11*m = -16. Suppose 0 = m*b + 4*z - 12994, -3*z - 7 = 2. Is b a composite number?
True
Let x(z) = 52990*z**3 + z**2 - 13*z + 33. Is x(2) composite?
False
Suppose 65*i = 192*i - 61759465. Is i a composite number?
True
Let w be 1/(-1)*7/((-7)/6). Suppose -3381 - 2481 = -w*l. Is l composite?
False
Let i(g) = 6717*g - 478. Is i(5) a composite number?
False
Let n(t) be the first derivative of t**3/3 - 2*t**2 - 9*t - 49. Let v be n(7). Is v/(-8) - -1 - (-279)/2 a prime number?
True
Suppose 0*x - x = 554. Suppose -3*g + k - 1056 = 0, 18*k + 1777 = -5*g + 14*k. Let q = g - x. Is q prime?
False
Let f(b) be the first derivative of -b**3/3 - 3*b**2 + 2*b - 6. Let v be f(-6). Suppose 0 = v*m - 5*j - 3237 + 288, -j = m - 1478. Is m a composite number?
True
Let u be 6/(-21) - 150/(-35). Let a(m) = m**2 + 4*m - 30. Let v(q) = -q**2 - 3*q + 29. Let t(o) = u*v(o) + 5*a(o). Is t(24) a composite number?
True
Let l be (0 - 3/3)/(4/(-12)). Let q be l/(126/(-12)) + (-32)/(-14). Suppose 3*p - 4*t = -0*p + 787, -q*t + 1020 = 4*p. Is p a prime number?
True
Is -13*3*(-11415)/45 composite?
True
Is (4870307/195 + (-6)/10)/(34/51) composite?
False
Suppose 18*c = 17*c + 16. Suppose c*h - 12*h + 528 = 0. Let b = -79 - h. Is b a prime number?
True
Let x(j) = -j**3 + 88*j**2 + 682*j + 112. Is x(95) prime?
False
Is ((-30145)/40)/(7/(-56)) a composite number?
False
Let c = 509363 - 226218. Is c prime?
False
Is 0*9/(-18) + 1 + 868428/2 a prime number?
False
Let x(j) = 6*j - 10*j**3 + 6*j**2 + 1 - 5*j**2 + 2*j**2. Let y be x(-4). Suppose 5*s - 10*s = -y. Is s composite?
True
Let q(y) = 632*y + 102. Let g be q(-6). Let h = g + 7597. Is h prime?
True
Let n = 174 - 169. Is (-6)/((-108)/49833) + n/2 composite?
True
Let c(y) = -3*y**2 - 22*y - 239. Let k be c(-12). Is 27 - 25 - k*1 prime?
True
Let n = -54 - -50. Let u be (-2 - 0) + -2 - n. Suppose g - 562 - 231 = u. Is g composite?
True
Let u(h) = -h**3 - h**2 + h - 20. Let y be u(0). Let x = y + 4. Is (x/20)/(-4 - (-1734)/435) prime?
False
Let o(g) = 4 - g**2 - 2634*g**3 - 6*g + 13 + 11*g - 6. Let a be o(-2). Suppose 14*f + 1931 - a = 0. Is f composite?
False
Let l be (0 - 4)/2 - -12. Let s(c) be the first derivative of -c**4/4 + 11*c**3 + c**2/2 + 7*c + 1. Is s(l) a prime number?
False
Let h = 57 - 56. Is 105 + 28 - (h - 7) a prime number?
True
Is (-354890)/(-3) - (-35)/15*(-17)/(-119) a composite number?
False
Let r(d) = -41413*d - 3260. Is r(-37) a composite number?
True
Let y(v) = 28*v**2 + 14*v - 19. Let l be y(18). Suppose -3*o = 2*o + f - 18, -4*o + 5*f = -26. Suppose -b = o*k - l, 3*k = -k + 3*b + 9317. Is k a prime number?
False
Suppose -4*r + 1323 = m - 0*r, -2656 = -2*m + 2*r. Let h = m - 429. Is h composite?
True
Let z = 17 + -50. Is (-11)/z + 13488/9 prime?
True
Is 7113*(8 + 4 + -7 - 14/3) a composite number?
False
Let d(n) = -28172*n + 325. Is d(-6) a prime number?
False
Let n be (((-16)/10)/(-4))/((-1)/6605). Let o = 5793 + n. Is o a prime number?
False
Suppose i - 11154 = u, 5*u - 2201 + 24524 = 2*i. Is i a composite number?
False
Let i be -3*(-28)/6*34. Let q = 1159 - 1163. Is (12/q - i)/(-1) composite?
False
Let a = 754870 - 503547. Is a a prime number?
True
Let i = -486640 + 836733. Is i a prime number?
True
Let z = -132 + 517. Let n = 1542 - z. Is n a composite number?
True
Let l(y) = 8*y**2 - 9*y + 2. Let m be l(7). Suppose 134*f + 156 = 138*f. Suppose -f*j + m = -38*j. Is j composite?
False
Let u = 699 + -692. Is (3946/u)/((-4)/(-14)) a prime number?
True
Let c be 2/(-6) + 13/3. Suppose 5*r = c*k - 58401, 0 = 2*k + 3*k - r - 72975. Is k composite?
True
Let g(c) = c + 1. Let y be g(5). Let z be 149 - (y/(-15))/(3/15). Let o = 588 + z. Is o a prime number?
True
Let i = -1043 - -721. Let q = 659 + i. Is q composite?
False
Suppose 40043 = 4*d - 5*g, 2*d = g - 0*g + 20017. Let s = d + -7026. Is s a composite number?
True
Is (-328)/(-574) - (-38930316)/28 composite?
False
Let m(j) = 166*j - 27. Let x(l) = 497*l - 76. Let o(r) = -7*m(r) + 2*x(r). Is o(-5) composite?
False
Let s(r) be the second derivative of -599*r**5/10 + r**4/6 - r**3/6 + 3*r + 41. Is s(-1) a prime number?
True
Let x(g) = 5*g**2 + 24*g - 3. Let a be x(-5). Suppose -4*d + 2*m - 7*m = -1798, a*d - 904 = -5*m. Is d a composite number?
True
Suppose 119*s + 28*s + 294694 - 5971981 = 0. Is s prime?
False
Let p(z) = 11*z**2 + 12*z**2 + 10*z**2 - 8 - 32*z**2. Let y be p(10). Is y - -2 - -2 - (-2)/2 composite?
False
Let w be (-4 + 11 + -1)*(-77)/(-14). Suppose -w*l = -210934 - 85307. Is l a composite number?
True
Let l(a) = 1008*a - 2561. Is l(32) a composite number?
True
Let b = -576 + 578. Suppose 0 = 5*v + b*d - 82551, 5*v - 3*d - 29918 = 52618. Is v prime?
False
Is (-550 + -6 - 7)*-157 a composite number?
True
Let u(v) = -3281*v**3 + 11*v**2 + 21*v + 1. Is u(-4) a prime number?
False
Suppose 24*w - 318 + 158 = -160. Let a(s) be the third derivative of s**5/60 - s**4/24 + 353*s**3/3 - 2*s**2. Is a(w) composite?
True
Let t(r) = 16*r**2 + 32*r - 7. Let j = 80 + -43. Suppose 0 = -3*o - 4*l - j, o = -2*o - 2*l - 29. Is t(o) a prime number?
False
Is (6/4)/(-39*(-26)/691102516) a composite number?
False
Let y be (5 - 14/4)/((-3)/(-5736)). Let m = y - 547. Is m composite?
True
Suppose 1357 - 1367 = -5*m, 3*w + 4*m - 1012739 = 0. Is w prime?
False
Suppose -3*s + 2*j = -5*s + 393460, -s + 196750 = -4*j. Suppose -4*h = -8, -8*h + 6*h - s = -2*t. Is t prime?
True
Suppose 0 = -